he tens digit of c?
4
Suppose 2*i + 2*o - 13919 = 26927, -3*i = 2*o - 61272. What is the tens digit of i?
2
Let q be (3 - 8)*1*-1. Suppose -3*x + 2*p + p - 102 = 0, -2*x - q*p - 40 = 0. What is the tens digit of (36/x)/(1/((-470)/3))?
8
Let j = -3562 - -21684. What is the hundreds digit of j?
1
Let t be 2/1*((-2548)/8)/(-7). What is the tens digit of (64*-1)/(14 + (-1281)/t)?
3
Let m = -53579 + 94739. What is the ten thousands digit of m?
4
Let j be 48 - 47 - (-7)/1. What is the tens digit of j/((-64)/(-3892))*(0 + 2)?
7
Let w(l) = -6*l - 1214 - 17*l + 1364. What is the units digit of w(-25)?
5
Suppose 0 = 4*d + 3*y - 5303, 1690 = -5*d + 4*y + 8342. What is the units digit of d?
8
Let u be ((-18)/27)/((-1)/6). Suppose -2*j - 16 = -6*j, -u*j - 198 = -m. What is the units digit of m?
4
What is the thousands digit of (1 + -1 + -6812)*(-4340)/1736?
7
What is the hundreds digit of ((-12)/15 + 2)*(-15)/3*-5962?
7
Let m(a) = 796*a - 527. What is the thousands digit of m(15)?
1
Suppose -5*f + 8 = -7. Let y be (-5)/((35/(-21) - -1)/(4/6)). Suppose -12 = f*h, -2*h + y*h - 423 = -3*s. What is the tens digit of s?
4
Let a(s) = -455*s**3 + 6*s**2 + 5*s - 10. What is the tens digit of a(-2)?
4
Let k be 6/(-3) + 9 + -7. Let n(w) = -3*w + 89. Let y be n(k). Let b = y + -22. What is the tens digit of b?
6
Let r = 3310 - 1637. What is the tens digit of r?
7
Let q(b) = -4*b**3 - 32*b**2 - b - 5. Let x be q(-8). Suppose 4*m - 113 = -w, x*w - 12 = m - 37. What is the tens digit of m?
2
Let l(i) = -120*i - 94. Let t be l(-4). Suppose -4*m = 5*z - 2669 - t, 3*m = 5*z + 2265. What is the units digit of m?
0
Let j be 19 + (-15)/(-10)*2. Let r(b) = 3*b**2 - 9*b - 31. What is the thousands digit of r(j)?
1
Suppose 3*m = 5*m + 2*r - 71126, -4*m + 142203 = -3*r. What is the ten thousands digit of m?
3
What is the units digit of (3 + -2)/(4/12 + 3272/(-9818))?
7
Let n(w) = w**2 + 2*w - 53. Let a be n(7). What is the units digit of 2022/a - 40/200?
2
Let t be 2*(-2 + 1 + 538/(-4)). Let d be 9 + -5 + (0 - t). Let o = d - 160. What is the units digit of o?
5
What is the units digit of 0 + (-34109 + 57)*((-6)/(-8) - 1)?
3
Let m(h) = 182*h**2 + 36*h + 177. What is the hundreds digit of m(-5)?
5
Suppose -f + 108 = a - 1117, -2*f + 2*a + 2430 = 0. What is the hundreds digit of f?
2
Let v = 542 + 2179. What is the units digit of v?
1
What is the tens digit of (-120614)/(-15) + (-179)/(-2685)?
4
Suppose -10*m + 14*m = 12. Suppose -m*b + 1574 = 2*b - 3*j, 4*b + j = 1249. What is the tens digit of b?
1
Suppose -2*n = -3*x - 897, 5*x + 2*n + 1494 = 5*n. Let l = x + 633. What is the units digit of l?
6
Suppose -89841 = -15*h - 6231. What is the units digit of h?
4
Suppose 3*v - s - 2013 = 0, 3*s - 5*s = -v + 671. Suppose -2*k = -k - 3*j - 173, -5*j - v = -4*k. What is the tens digit of k?
6
Let u = 1388 + -164. Suppose -13*b + 3291 = u. What is the tens digit of b?
5
Suppose 3*y + n - 7 = 0, 3*y = 7*y - 2*n + 4. Let j be (-21)/(-24) - y/(-8). What is the units digit of -22 + 21 - (j + -80)?
8
Let x be (6 + -7)*1*3/1. What is the tens digit of (3 + x - 4) + -5 + 134?
2
Suppose -41*l + 13433 = -164793 + 10413. What is the tens digit of l?
9
Let x(g) = -1430*g - 1494. What is the tens digit of x(-4)?
2
Suppose 23 - 8 = 5*i. Suppose 5*r + 72 = -i. Let y = r - -94. What is the units digit of y?
9
Let y = -24 + 42. Let h be 2/(-5) - y*(-3)/10. What is the units digit of (0 - 12/(-4)) + h?
8
Let z(j) = 17*j**2 + j - 15. Suppose -8*w = -35 - 29. What is the hundreds digit of z(w)?
0
Let d be (-14)/4*260/(-182). Suppose 0 = 5*s - 3*b + 2*b - 992, -d*s + 984 = 3*b. What is the hundreds digit of s?
1
Suppose 4*i + 12*i - 3776 = 0. Let a = i + -169. What is the tens digit of a?
6
Let d(c) = 2517*c - 3912. What is the thousands digit of d(5)?
8
Let h(u) = -u**3 + 9*u**2 - 18*u + 1. Let s be h(6). Let l(p) = 952*p**2 - 11*p + 12. What is the hundreds digit of l(s)?
9
Let r(p) = 1633*p**2 - 136*p + 29. What is the thousands digit of r(2)?
6
Let g be (1 + 1 - 0) + 26 - -2. Let i = 30 - g. Suppose i*s = s - 136. What is the tens digit of s?
3
Suppose -5*u + 2*l + 66 = -8*u, 0 = -4*u + 4*l - 108. What is the tens digit of (-205)/(-15) + 40/u?
1
Let v be (-25350)/12 + -3 - 1/(-2). Let y = v + 3070. What is the tens digit of y?
5
Let y(w) = 5*w + 51 - 12*w + 13*w. Let k be y(-10). Let v(a) = -17*a - 3. What is the units digit of v(k)?
0
Let q(o) = 5*o**2 - 18*o - 6. Let z be q(15). Let w = z + -317. What is the tens digit of w?
3
Let x be (-115)/(-10) + 9/(-6). Let m(l) = 35*l - 17. Let j be m(x). Suppose -j = -3*b + 5*w, 80 + 29 = b - w. What is the units digit of b?
6
What is the units digit of (20/(-25))/(2/15) - -5650 - 3?
1
Let r(j) = -j**3 + 7*j**2 + 27*j + 15. What is the tens digit of r(-19)?
8
Let f = 4863 + -2349. What is the hundreds digit of f?
5
What is the units digit of ((-83723)/2 + 5)*(-6 + 38/7)?
8
What is the tens digit of (-2 + 26/39)*-17517?
5
What is the units digit of (-2)/(-6)*(-19 - -3628)?
3
Let u(x) = -17*x**3 + x**2 - 10*x - 22. Let g be u(-3). Let p = 732 - g. What is the hundreds digit of p?
2
Suppose 10*l = 14*l - 92. Let x = -8 + l. Suppose 16*j = x*j + 104. What is the hundreds digit of j?
1
Let i(v) = 2*v + 15. Let g be (50/(-4))/(-5)*(0 + -2). Let x be i(g). What is the units digit of 5/x - (-22 + -3)?
6
Let r = -59268 - -87622. What is the tens digit of r?
5
Suppose -1166 = -2*j - 5*l, -3*j + 0*l = l - 1736. Let y be j/3 + 0 + 4/(-6). Suppose -39*g - y = -40*g. What is the units digit of g?
2
Let o be (-16 + 19)*3675/(-9)*1. Let j = o - -2229. What is the thousands digit of j?
1
Let c(k) = 43 + 0 + 38 - 111*k + 15. What is the hundreds digit of c(-13)?
5
Suppose -3*a + 90 = -3*g + 7782, 2*a - 4 = 0. What is the thousands digit of g?
2
Let i be (-5 - 5)/(1/(-14)). Let r = 160 - i. What is the units digit of r?
0
Let t(q) = 16 - q**2 + 9 - 37*q - 12. What is the hundreds digit of t(-11)?
2
Suppose -8*x - 46 = -382. Suppose x*d - 41*d - 9 = 0. What is the units digit of d?
9
Let x = -18155 + 20352. What is the tens digit of x?
9
Suppose 4*s = -3*k - 406, 5*s + 4*k = -0*s - 507. Let g = 325 + s. Suppose 2*x + 34 = g. What is the units digit of x?
4
Let f be (2 - (-8)/(-3))/(12/(-306)). Let o = 39 - f. Suppose -c + o = -59. What is the tens digit of c?
8
Suppose -21*k + 15*k = -6. Let c(n) = 227*n**3 + 1. What is the hundreds digit of c(k)?
2
What is the tens digit of (5 - (1424 + 2))*(-33 - -10)?
8
Suppose -2*m - 318 = -5*u, -2*m - 4*u - 294 = -3*u. Let g be 2/6*0 + -229. Let x = m - g. What is the units digit of x?
0
Suppose 0 = -32*d + 336620 - 45612. What is the tens digit of d?
9
Let w = -10254 - -52041. What is the tens digit of w?
8
Let n be (-239520)/(-57) + 10/(-95). Suppose 522 - n = -4*v. What is the tens digit of v?
2
Suppose 4*q = -5*w + 3, 2*q - 12 = 2*w - 24. Suppose -2*m + w*a + 868 = -0*m, -2 = a. What is the tens digit of m?
3
Let q(l) = -2*l + 18. Suppose -2*a = -a - 9. Let p be q(a). Suppose -m + 10 + 36 = p. What is the units digit of m?
6
Let d(o) = o**2 + 13*o - 9. Let s be d(-14). Suppose s*n - 60 - 50 = 0. Let v = n - -19. What is the units digit of v?
1
Suppose -f + 4*b + 17 = 0, -2*f - 5*b - 35 = -6*f. Suppose 4*o - 1196 = -2*v, 5*o - 9*o + 1210 = -f*v. What is the tens digit of o?
0
What is the thousands digit of 44/(-6) + (-84)/(-36) - (-75265 - 0)?
5
Let j = 7410 - 4940. Let f = 3508 - j. What is the tens digit of f?
3
Suppose -4*s + 47*s - 172 = 0. Suppose 4*x - s*o + 7*o - 1088 = 0, -2*o - 1337 = -5*x. What is the hundreds digit of x?
2
Let w = 46215 + -32309. What is the units digit of w?
6
Let a(c) = -c**2 + 11*c - 6. Let w be a(9). Let r(d) = 5*d**3 + 1556*d - 1570*d + 5*d**2 - 6*d**3 - 8 + 9*d**2. What is the units digit of r(w)?
2
Let y(h) = 16*h + 4. Let m be y(1). Let s be (6/(-9))/(m/(-6) + 3). What is the hundreds digit of s/5 + (-12546)/(-85)?
1
Suppose -8*p + 85*p = 796796. What is the units digit of p?
8
Suppose 2*n - 8 = 0, -5*h + 612*n - 613*n = -35249. What is the thousands digit of h?
7
Let f(p) = p**2 - 19*p + 90. Let m(z) = 2*z**2 - 11*z + 5. Let n be m(7). What is the units digit of f(n)?
2
Suppose 16*r - 10*r + 138 = 0. Let h be (-30 - r)/((-2)/(-2)). What is the hundreds digit of ((-5)/h - -1)/((-184)/(-10948))?
1
Let